{"id":6688,"date":"2023-04-14T09:10:29","date_gmt":"2023-04-14T07:10:29","guid":{"rendered":"https:\/\/postojnsko.si\/salon-ozbic\/"},"modified":"2023-07-10T21:16:10","modified_gmt":"2023-07-10T19:16:10","slug":"salone-ozbic","status":"publish","type":"page","link":"https:\/\/postojnsko.si\/it\/postoj-na-mestni-poti\/salone-ozbic\/","title":{"rendered":"Salone Ozbi\u010d"},"content":{"rendered":"<p>Benvenuti nel <strong>salone di barbiere e acconciatore Ozbi\u010d<\/strong>. Il leggendario salone di barbiere con la barba pi\u00f9 lunga di Postumia ha ripreso vita con attrezzature originali e una nuova storia.<\/p>\n<p>Il concetto del locale combina la tradizione secolare e le leggende della famiglia Ozbi\u010d con le moderne tecniche di barbiere e acconciatore. Sedetevi sulle sedie di Ozbi\u010d e abbandonatevi alla nostalgia. La vita di Janko Ozbi\u010d ha ruotato intorno alle poltrone da barbiere e alle tecniche di acconciatura per pi\u00f9 di settant&#8217;anni. Aveva l\u2019arte in mano fin dalla culla e della bottega di barbiere con la quale si mantenevano si ricorda fin dall&#8217;infanzia. A 13 anni prese in mano le forbici e inizi\u00f2 a lavorare. Ha rasato e acconciato ininterrottamente, fino all&#8217;et\u00e0 di 89 anni, quando ha dovuto abbandonare l&#8217;attivit\u00e0 a causa della mutata normativa su questo tipo di lavoro.<\/p>\n<p class=\"vp-line\">\u00a0<\/p>\n<p><em>Visitate la leggendaria bottega, dove verrete trasportati in un altro tempo con la morbidezza della schiuma da barba. Scoprite da noi la storia dell\u2019arte del barbiere nelle visite guidate della mostra in loco. Ascoltate le storie del salone Ozbi\u010d e abbandonatevi alla nostalgia, mentre imparate a conoscere i baffi, le barbe e le acconciature che qui sono stati coccolati per un secolo. Le visite guidate sono possibili per i gruppi su prenotazione \u2013 chiedere al Museo della Notranjska di Postumia.\u00a0<\/em><\/p>\n","protected":false},"excerpt":{"rendered":"<p>Benvenuti nel salone di barbiere e acconciatore Ozbi\u010d. Il leggendario salone di barbiere con la barba pi\u00f9 lunga di Postumia ha ripreso vita con attrezzature originali e una nuova storia. Il concetto del locale combina la tradizione secolare e le leggende della famiglia Ozbi\u010d con le moderne tecniche di barbiere e acconciatore. Sedetevi sulle sedie&#8230;<\/p>\n","protected":false},"author":2,"featured_media":5285,"parent":6717,"menu_order":0,"comment_status":"closed","ping_status":"closed","template":"page-templates\/interesna-tocka.php","meta":{"footnotes":""},"class_list":{"0":"post-6688","1":"type-page","3":"status-publish","4":"has-post-thumbnail","5":"hentry","6":"article-odd"},"yoast_head":"<!-- This site is optimized with the Yoast SEO plugin v27.4 - https:\/\/yoast.com\/product\/yoast-seo-wordpress\/ -->\n<title>Salone Ozbi\u010d - Visit Postojna<\/title>\n<meta name=\"robots\" content=\"index, follow, max-snippet:-1, max-image-preview:large, max-video-preview:-1\" \/>\n<link rel=\"canonical\" href=\"https:\/\/postojnsko.si\/it\/postoj-na-mestni-poti\/salone-ozbic\/\" \/>\n<meta property=\"og:locale\" content=\"it_IT\" \/>\n<meta property=\"og:type\" content=\"article\" \/>\n<meta property=\"og:title\" content=\"Salone Ozbi\u010d - Visit Postojna\" \/>\n<meta property=\"og:description\" content=\"Benvenuti nel salone di barbiere e acconciatore Ozbi\u010d. Il leggendario salone di barbiere con la barba pi\u00f9 lunga di Postumia ha ripreso vita con attrezzature originali e una nuova storia. Il concetto del locale combina la tradizione secolare e le leggende della famiglia Ozbi\u010d con le moderne tecniche di barbiere e acconciatore. Sedetevi sulle sedie...\" \/>\n<meta property=\"og:url\" content=\"https:\/\/postojnsko.si\/it\/postoj-na-mestni-poti\/salone-ozbic\/\" \/>\n<meta property=\"og:site_name\" content=\"Visit Postojna\" \/>\n<meta property=\"article:publisher\" content=\"https:\/\/www.facebook.com\/VisitPostojna\" \/>\n<meta property=\"article:modified_time\" content=\"2023-07-10T19:16:10+00:00\" \/>\n<meta property=\"og:image\" content=\"https:\/\/postojnsko.si\/travel\/wp-content\/uploads\/2023\/04\/salon-ozbic-2019_-andrej-rijavec-scaled.jpg\" \/>\n\t<meta property=\"og:image:width\" content=\"2560\" \/>\n\t<meta property=\"og:image:height\" content=\"2207\" \/>\n\t<meta property=\"og:image:type\" content=\"image\/jpeg\" \/>\n<meta name=\"twitter:card\" content=\"summary_large_image\" \/>\n<meta name=\"twitter:label1\" content=\"Tempo di lettura stimato\" \/>\n\t<meta name=\"twitter:data1\" content=\"2 minuti\" \/>\n<script type=\"application\/ld+json\" class=\"yoast-schema-graph\">{\"@context\":\"https:\\\/\\\/schema.org\",\"@graph\":[{\"@type\":\"WebPage\",\"@id\":\"https:\\\/\\\/postojnsko.si\\\/it\\\/postoj-na-mestni-poti\\\/salone-ozbic\\\/\",\"url\":\"https:\\\/\\\/postojnsko.si\\\/it\\\/postoj-na-mestni-poti\\\/salone-ozbic\\\/\",\"name\":\"Salone Ozbi\u010d - Visit Postojna\",\"isPartOf\":{\"@id\":\"https:\\\/\\\/postojnsko.si\\\/it\\\/#website\"},\"primaryImageOfPage\":{\"@id\":\"https:\\\/\\\/postojnsko.si\\\/it\\\/postoj-na-mestni-poti\\\/salone-ozbic\\\/#primaryimage\"},\"image\":{\"@id\":\"https:\\\/\\\/postojnsko.si\\\/it\\\/postoj-na-mestni-poti\\\/salone-ozbic\\\/#primaryimage\"},\"thumbnailUrl\":\"https:\\\/\\\/postojnsko.si\\\/travel\\\/wp-content\\\/uploads\\\/2023\\\/04\\\/salon-ozbic-2019_-andrej-rijavec-scaled.jpg\",\"datePublished\":\"2023-04-14T07:10:29+00:00\",\"dateModified\":\"2023-07-10T19:16:10+00:00\",\"breadcrumb\":{\"@id\":\"https:\\\/\\\/postojnsko.si\\\/it\\\/postoj-na-mestni-poti\\\/salone-ozbic\\\/#breadcrumb\"},\"inLanguage\":\"it-IT\",\"potentialAction\":[{\"@type\":\"ReadAction\",\"target\":[\"https:\\\/\\\/postojnsko.si\\\/it\\\/postoj-na-mestni-poti\\\/salone-ozbic\\\/\"]}]},{\"@type\":\"ImageObject\",\"inLanguage\":\"it-IT\",\"@id\":\"https:\\\/\\\/postojnsko.si\\\/it\\\/postoj-na-mestni-poti\\\/salone-ozbic\\\/#primaryimage\",\"url\":\"https:\\\/\\\/postojnsko.si\\\/travel\\\/wp-content\\\/uploads\\\/2023\\\/04\\\/salon-ozbic-2019_-andrej-rijavec-scaled.jpg\",\"contentUrl\":\"https:\\\/\\\/postojnsko.si\\\/travel\\\/wp-content\\\/uploads\\\/2023\\\/04\\\/salon-ozbic-2019_-andrej-rijavec-scaled.jpg\",\"width\":2560,\"height\":2207,\"caption\":\"Salone Ozbi\u010d\"},{\"@type\":\"BreadcrumbList\",\"@id\":\"https:\\\/\\\/postojnsko.si\\\/it\\\/postoj-na-mestni-poti\\\/salone-ozbic\\\/#breadcrumb\",\"itemListElement\":[{\"@type\":\"ListItem\",\"position\":1,\"name\":\"Home\",\"item\":\"https:\\\/\\\/postojnsko.si\\\/it\\\/?doing_wp_cron=1766478648.6568050384521484375000\"},{\"@type\":\"ListItem\",\"position\":2,\"name\":\"Postumia nel percorso cittadino\",\"item\":\"https:\\\/\\\/postojnsko.si\\\/it\\\/postoj-na-mestni-poti\\\/?doing_wp_cron=1766490349.7067840099334716796875\"},{\"@type\":\"ListItem\",\"position\":3,\"name\":\"Salone Ozbi\u010d\"}]},{\"@type\":\"WebSite\",\"@id\":\"https:\\\/\\\/postojnsko.si\\\/it\\\/#website\",\"url\":\"https:\\\/\\\/postojnsko.si\\\/it\\\/\",\"name\":\"Visit Postojna\",\"description\":\"To je nov svet. To je paradi\u017e!\",\"publisher\":{\"@id\":\"https:\\\/\\\/postojnsko.si\\\/it\\\/#organization\"},\"potentialAction\":[{\"@type\":\"SearchAction\",\"target\":{\"@type\":\"EntryPoint\",\"urlTemplate\":\"https:\\\/\\\/postojnsko.si\\\/it\\\/?s={search_term_string}\"},\"query-input\":{\"@type\":\"PropertyValueSpecification\",\"valueRequired\":true,\"valueName\":\"search_term_string\"}}],\"inLanguage\":\"it-IT\"},{\"@type\":\"Organization\",\"@id\":\"https:\\\/\\\/postojnsko.si\\\/it\\\/#organization\",\"name\":\"Visit Postojna\",\"url\":\"https:\\\/\\\/postojnsko.si\\\/it\\\/\",\"logo\":{\"@type\":\"ImageObject\",\"inLanguage\":\"it-IT\",\"@id\":\"https:\\\/\\\/postojnsko.si\\\/it\\\/#\\\/schema\\\/logo\\\/image\\\/\",\"url\":\"https:\\\/\\\/postojnsko.si\\\/wp-content\\\/uploads\\\/2023\\\/06\\\/visit-postojna-logo.png\",\"contentUrl\":\"https:\\\/\\\/postojnsko.si\\\/wp-content\\\/uploads\\\/2023\\\/06\\\/visit-postojna-logo.png\",\"width\":1042,\"height\":1042,\"caption\":\"Visit Postojna\"},\"image\":{\"@id\":\"https:\\\/\\\/postojnsko.si\\\/it\\\/#\\\/schema\\\/logo\\\/image\\\/\"},\"sameAs\":[\"https:\\\/\\\/www.facebook.com\\\/VisitPostojna\",\"https:\\\/\\\/www.instagram.com\\\/visit_postojna\"]}]}<\/script>\n<!-- \/ Yoast SEO plugin. -->","yoast_head_json":{"title":"Salone Ozbi\u010d - Visit Postojna","robots":{"index":"index","follow":"follow","max-snippet":"max-snippet:-1","max-image-preview":"max-image-preview:large","max-video-preview":"max-video-preview:-1"},"canonical":"https:\/\/postojnsko.si\/it\/postoj-na-mestni-poti\/salone-ozbic\/","og_locale":"it_IT","og_type":"article","og_title":"Salone Ozbi\u010d - Visit Postojna","og_description":"Benvenuti nel salone di barbiere e acconciatore Ozbi\u010d. Il leggendario salone di barbiere con la barba pi\u00f9 lunga di Postumia ha ripreso vita con attrezzature originali e una nuova storia. Il concetto del locale combina la tradizione secolare e le leggende della famiglia Ozbi\u010d con le moderne tecniche di barbiere e acconciatore. Sedetevi sulle sedie...","og_url":"https:\/\/postojnsko.si\/it\/postoj-na-mestni-poti\/salone-ozbic\/","og_site_name":"Visit Postojna","article_publisher":"https:\/\/www.facebook.com\/VisitPostojna","article_modified_time":"2023-07-10T19:16:10+00:00","og_image":[{"width":2560,"height":2207,"url":"https:\/\/postojnsko.si\/travel\/wp-content\/uploads\/2023\/04\/salon-ozbic-2019_-andrej-rijavec-scaled.jpg","type":"image\/jpeg"}],"twitter_card":"summary_large_image","twitter_misc":{"Tempo di lettura stimato":"2 minuti"},"schema":{"@context":"https:\/\/schema.org","@graph":[{"@type":"WebPage","@id":"https:\/\/postojnsko.si\/it\/postoj-na-mestni-poti\/salone-ozbic\/","url":"https:\/\/postojnsko.si\/it\/postoj-na-mestni-poti\/salone-ozbic\/","name":"Salone Ozbi\u010d - Visit Postojna","isPartOf":{"@id":"https:\/\/postojnsko.si\/it\/#website"},"primaryImageOfPage":{"@id":"https:\/\/postojnsko.si\/it\/postoj-na-mestni-poti\/salone-ozbic\/#primaryimage"},"image":{"@id":"https:\/\/postojnsko.si\/it\/postoj-na-mestni-poti\/salone-ozbic\/#primaryimage"},"thumbnailUrl":"https:\/\/postojnsko.si\/travel\/wp-content\/uploads\/2023\/04\/salon-ozbic-2019_-andrej-rijavec-scaled.jpg","datePublished":"2023-04-14T07:10:29+00:00","dateModified":"2023-07-10T19:16:10+00:00","breadcrumb":{"@id":"https:\/\/postojnsko.si\/it\/postoj-na-mestni-poti\/salone-ozbic\/#breadcrumb"},"inLanguage":"it-IT","potentialAction":[{"@type":"ReadAction","target":["https:\/\/postojnsko.si\/it\/postoj-na-mestni-poti\/salone-ozbic\/"]}]},{"@type":"ImageObject","inLanguage":"it-IT","@id":"https:\/\/postojnsko.si\/it\/postoj-na-mestni-poti\/salone-ozbic\/#primaryimage","url":"https:\/\/postojnsko.si\/travel\/wp-content\/uploads\/2023\/04\/salon-ozbic-2019_-andrej-rijavec-scaled.jpg","contentUrl":"https:\/\/postojnsko.si\/travel\/wp-content\/uploads\/2023\/04\/salon-ozbic-2019_-andrej-rijavec-scaled.jpg","width":2560,"height":2207,"caption":"Salone Ozbi\u010d"},{"@type":"BreadcrumbList","@id":"https:\/\/postojnsko.si\/it\/postoj-na-mestni-poti\/salone-ozbic\/#breadcrumb","itemListElement":[{"@type":"ListItem","position":1,"name":"Home","item":"https:\/\/postojnsko.si\/it\/?doing_wp_cron=1766478648.6568050384521484375000"},{"@type":"ListItem","position":2,"name":"Postumia nel percorso cittadino","item":"https:\/\/postojnsko.si\/it\/postoj-na-mestni-poti\/?doing_wp_cron=1766490349.7067840099334716796875"},{"@type":"ListItem","position":3,"name":"Salone Ozbi\u010d"}]},{"@type":"WebSite","@id":"https:\/\/postojnsko.si\/it\/#website","url":"https:\/\/postojnsko.si\/it\/","name":"Visit Postojna","description":"To je nov svet. To je paradi\u017e!","publisher":{"@id":"https:\/\/postojnsko.si\/it\/#organization"},"potentialAction":[{"@type":"SearchAction","target":{"@type":"EntryPoint","urlTemplate":"https:\/\/postojnsko.si\/it\/?s={search_term_string}"},"query-input":{"@type":"PropertyValueSpecification","valueRequired":true,"valueName":"search_term_string"}}],"inLanguage":"it-IT"},{"@type":"Organization","@id":"https:\/\/postojnsko.si\/it\/#organization","name":"Visit Postojna","url":"https:\/\/postojnsko.si\/it\/","logo":{"@type":"ImageObject","inLanguage":"it-IT","@id":"https:\/\/postojnsko.si\/it\/#\/schema\/logo\/image\/","url":"https:\/\/postojnsko.si\/wp-content\/uploads\/2023\/06\/visit-postojna-logo.png","contentUrl":"https:\/\/postojnsko.si\/wp-content\/uploads\/2023\/06\/visit-postojna-logo.png","width":1042,"height":1042,"caption":"Visit Postojna"},"image":{"@id":"https:\/\/postojnsko.si\/it\/#\/schema\/logo\/image\/"},"sameAs":["https:\/\/www.facebook.com\/VisitPostojna","https:\/\/www.instagram.com\/visit_postojna"]}]}},"_links":{"self":[{"href":"https:\/\/postojnsko.si\/it\/wp-json\/wp\/v2\/pages\/6688","targetHints":{"allow":["GET"]}}],"collection":[{"href":"https:\/\/postojnsko.si\/it\/wp-json\/wp\/v2\/pages"}],"about":[{"href":"https:\/\/postojnsko.si\/it\/wp-json\/wp\/v2\/types\/page"}],"author":[{"embeddable":true,"href":"https:\/\/postojnsko.si\/it\/wp-json\/wp\/v2\/users\/2"}],"replies":[{"embeddable":true,"href":"https:\/\/postojnsko.si\/it\/wp-json\/wp\/v2\/comments?post=6688"}],"version-history":[{"count":2,"href":"https:\/\/postojnsko.si\/it\/wp-json\/wp\/v2\/pages\/6688\/revisions"}],"predecessor-version":[{"id":6690,"href":"https:\/\/postojnsko.si\/it\/wp-json\/wp\/v2\/pages\/6688\/revisions\/6690"}],"up":[{"embeddable":true,"href":"https:\/\/postojnsko.si\/it\/wp-json\/wp\/v2\/pages\/6717"}],"wp:featuredmedia":[{"embeddable":true,"href":"https:\/\/postojnsko.si\/it\/wp-json\/wp\/v2\/media\/5285"}],"wp:attachment":[{"href":"https:\/\/postojnsko.si\/it\/wp-json\/wp\/v2\/media?parent=6688"}],"curies":[{"name":"wp","href":"https:\/\/api.w.org\/{rel}","templated":true}]}}

Salone Ozbič

<p>Benvenuti nel <strong>salone di barbiere e acconciatore Ozbič</strong>. Il leggendario salone di barbiere con la barba più lunga di Postumia ha ripreso vita con attrezzature originali e una nuova storia.</p>
<p>Il concetto del locale combina la tradizione secolare e le leggende della famiglia Ozbič con le moderne tecniche di barbiere e acconciatore. Sedetevi sulle sedie di Ozbič e abbandonatevi alla nostalgia. La vita di Janko Ozbič ha ruotato intorno alle poltrone da barbiere e alle tecniche di acconciatura per più di settant&#8217;anni. Aveva l’arte in mano fin dalla culla e della bottega di barbiere con la quale si mantenevano si ricorda fin dall&#8217;infanzia. A 13 anni prese in mano le forbici e iniziò a lavorare. Ha rasato e acconciato ininterrottamente, fino all&#8217;età di 89 anni, quando ha dovuto abbandonare l&#8217;attività a causa della mutata normativa su questo tipo di lavoro.</p>
<p class="vp-line"> </p>
<p><em>Visitate la leggendaria bottega, dove verrete trasportati in un altro tempo con la morbidezza della schiuma da barba. Scoprite da noi la storia dell’arte del barbiere nelle visite guidate della mostra in loco. Ascoltate le storie del salone Ozbič e abbandonatevi alla nostalgia, mentre imparate a conoscere i baffi, le barbe e le acconciature che qui sono stati coccolati per un secolo. Le visite guidate sono possibili per i gruppi su prenotazione – chiedere al Museo della Notranjska di Postumia. </em></p>

<p>Benvenuti nel salone di barbiere e acconciatore Ozbič. Il leggendario salone di barbiere con la barba più lunga di Postumia ha ripreso vita con attrezzature originali e una nuova storia. Il concetto del locale combina la tradizione secolare e le leggende della famiglia Ozbič con le moderne tecniche di barbiere e acconciatore. Sedetevi sulle sedie&#8230;</p>

<!-- This site is optimized with the Yoast SEO plugin v27.4 - https://yoast.com/product/yoast-seo-wordpress/ -->
<title>Salone Ozbič - Visit Postojna</title>
<meta name="robots" content="index, follow, max-snippet:-1, max-image-preview:large, max-video-preview:-1" />
<link rel="canonical" href="https://postojnsko.si/it/postoj-na-mestni-poti/salone-ozbic/" />
<meta property="og:locale" content="it_IT" />
<meta property="og:type" content="article" />
<meta property="og:title" content="Salone Ozbič - Visit Postojna" />
<meta property="og:description" content="Benvenuti nel salone di barbiere e acconciatore Ozbič. Il leggendario salone di barbiere con la barba più lunga di Postumia ha ripreso vita con attrezzature originali e una nuova storia. Il concetto del locale combina la tradizione secolare e le leggende della famiglia Ozbič con le moderne tecniche di barbiere e acconciatore. Sedetevi sulle sedie..." />
<meta property="og:url" content="https://postojnsko.si/it/postoj-na-mestni-poti/salone-ozbic/" />
<meta property="og:site_name" content="Visit Postojna" />
<meta property="article:publisher" content="https://www.facebook.com/VisitPostojna" />
<meta property="article:modified_time" content="2023-07-10T19:16:10+00:00" />
<meta property="og:image" content="https://postojnsko.si/travel/wp-content/uploads/2023/04/salon-ozbic-2019_-andrej-rijavec-scaled.jpg" />
	<meta property="og:image:width" content="2560" />
	<meta property="og:image:height" content="2207" />
	<meta property="og:image:type" content="image/jpeg" />
<meta name="twitter:card" content="summary_large_image" />
<meta name="twitter:label1" content="Tempo di lettura stimato" />
	<meta name="twitter:data1" content="2 minuti" />
<script type="application/ld+json" class="yoast-schema-graph">{"@context":"https:\/\/schema.org","@graph":[{"@type":"WebPage","@id":"https:\/\/postojnsko.si\/it\/postoj-na-mestni-poti\/salone-ozbic\/","url":"https:\/\/postojnsko.si\/it\/postoj-na-mestni-poti\/salone-ozbic\/","name":"Salone Ozbič - Visit Postojna","isPartOf":{"@id":"https:\/\/postojnsko.si\/it\/#website"},"primaryImageOfPage":{"@id":"https:\/\/postojnsko.si\/it\/postoj-na-mestni-poti\/salone-ozbic\/#primaryimage"},"image":{"@id":"https:\/\/postojnsko.si\/it\/postoj-na-mestni-poti\/salone-ozbic\/#primaryimage"},"thumbnailUrl":"https:\/\/postojnsko.si\/travel\/wp-content\/uploads\/2023\/04\/salon-ozbic-2019_-andrej-rijavec-scaled.jpg","datePublished":"2023-04-14T07:10:29+00:00","dateModified":"2023-07-10T19:16:10+00:00","breadcrumb":{"@id":"https:\/\/postojnsko.si\/it\/postoj-na-mestni-poti\/salone-ozbic\/#breadcrumb"},"inLanguage":"it-IT","potentialAction":[{"@type":"ReadAction","target":["https:\/\/postojnsko.si\/it\/postoj-na-mestni-poti\/salone-ozbic\/"]}]},{"@type":"ImageObject","inLanguage":"it-IT","@id":"https:\/\/postojnsko.si\/it\/postoj-na-mestni-poti\/salone-ozbic\/#primaryimage","url":"https:\/\/postojnsko.si\/travel\/wp-content\/uploads\/2023\/04\/salon-ozbic-2019_-andrej-rijavec-scaled.jpg","contentUrl":"https:\/\/postojnsko.si\/travel\/wp-content\/uploads\/2023\/04\/salon-ozbic-2019_-andrej-rijavec-scaled.jpg","width":2560,"height":2207,"caption":"Salone Ozbič"},{"@type":"BreadcrumbList","@id":"https:\/\/postojnsko.si\/it\/postoj-na-mestni-poti\/salone-ozbic\/#breadcrumb","itemListElement":[{"@type":"ListItem","position":1,"name":"Home","item":"https:\/\/postojnsko.si\/it\/?doing_wp_cron=1766478648.6568050384521484375000"},{"@type":"ListItem","position":2,"name":"Postumia nel percorso cittadino","item":"https:\/\/postojnsko.si\/it\/postoj-na-mestni-poti\/?doing_wp_cron=1766490349.7067840099334716796875"},{"@type":"ListItem","position":3,"name":"Salone Ozbič"}]},{"@type":"WebSite","@id":"https:\/\/postojnsko.si\/it\/#website","url":"https:\/\/postojnsko.si\/it\/","name":"Visit Postojna","description":"To je nov svet. To je paradiž!","publisher":{"@id":"https:\/\/postojnsko.si\/it\/#organization"},"potentialAction":[{"@type":"SearchAction","target":{"@type":"EntryPoint","urlTemplate":"https:\/\/postojnsko.si\/it\/?s={search_term_string}"},"query-input":{"@type":"PropertyValueSpecification","valueRequired":true,"valueName":"search_term_string"}}],"inLanguage":"it-IT"},{"@type":"Organization","@id":"https:\/\/postojnsko.si\/it\/#organization","name":"Visit Postojna","url":"https:\/\/postojnsko.si\/it\/","logo":{"@type":"ImageObject","inLanguage":"it-IT","@id":"https:\/\/postojnsko.si\/it\/#\/schema\/logo\/image\/","url":"https:\/\/postojnsko.si\/wp-content\/uploads\/2023\/06\/visit-postojna-logo.png","contentUrl":"https:\/\/postojnsko.si\/wp-content\/uploads\/2023\/06\/visit-postojna-logo.png","width":1042,"height":1042,"caption":"Visit Postojna"},"image":{"@id":"https:\/\/postojnsko.si\/it\/#\/schema\/logo\/image\/"},"sameAs":["https:\/\/www.facebook.com\/VisitPostojna","https:\/\/www.instagram.com\/visit_postojna"]}]}</script>
<!-- / Yoast SEO plugin. -->

Salone Ozbič - Visit Postojna

Benvenuti nel salone di barbiere e acconciatore Ozbič. Il leggendario salone di barbiere con la barba più lunga di Postumia ha ripreso vita con attrezzature originali e una nuova storia. Il concetto del locale combina la tradizione secolare e le leggende della famiglia Ozbič con le moderne tecniche di barbiere e acconciatore. Sedetevi sulle sedie...

To je nov svet. To je paradiž!
