{"id":6682,"date":"2023-04-14T09:05:02","date_gmt":"2023-04-14T07:05:02","guid":{"rendered":"https:\/\/postojnsko.si\/rojstna-hisa-luke-ceca\/"},"modified":"2023-07-10T21:12:46","modified_gmt":"2023-07-10T19:12:46","slug":"casa-natale-di-luka-cec","status":"publish","type":"page","link":"https:\/\/postojnsko.si\/it\/postoj-na-mestni-poti\/casa-natale-di-luka-cec\/","title":{"rendered":"Casa natale di Luka \u010ce\u010d"},"content":{"rendered":"<p>Luka \u010ce\u010d, lampionaio alle Grotte di Postumia, nacque in una modesta fattoria; durante i preparativi per la visita dell&#8217;imperatore nel 1818, scopr\u00ec <strong>sezioni interne delle grotte fino allora sconosciute<\/strong>.<\/p>\n<p>Fu questo lavoratore fedele e indefesso, che, tra le altre cose, si prese cura del proteo, a scoprire anche lo scarabeo delle caverne, che in seguito divenne il primo insetto delle grotte a essere descritto e che fu ribattezzato <strong>scarabeo dal collo sottile<\/strong>. Le straordinarie scoperte di \u010ce\u010d furono decisive per rendere le Grotte di Postumia molto popolari tra i visitatori e i ricercatori di tutto il mondo.<\/p>\n<p><em>Il proteo (Proteus anguinus) e lo scarabeo dal collo sottile (Leptodirus hochenwartii) sono i grandi protagonisti delle Grotte di Postumia. Sebbene lo scarabeo dal collo sottile sia stato scoperto da \u010ce\u010d, in latino non prende il suo nome, bens\u00ec quello del direttore del Museo regionale della Carniola, il conte Hohenwart, al quale aveva donato l\u2019insetto per finalit\u00e0 di ricerca. Allo stesso modo \u00e8 rimasto in secondo piano anche con la sua straordinaria scoperta nelle grotte, poich\u00e9 gli \u00e8 stata riconosciuta solo 20 anni dopo la sua morte.<\/em><\/p>\n","protected":false},"excerpt":{"rendered":"<p>Luka \u010ce\u010d, lampionaio alle Grotte di Postumia, nacque in una modesta fattoria; durante i preparativi per la visita dell&#8217;imperatore nel 1818, scopr\u00ec sezioni interne delle grotte fino allora sconosciute. Fu questo lavoratore fedele e indefesso, che, tra le altre cose, si prese cura del proteo, a scoprire anche lo scarabeo delle caverne, che in seguito&#8230;<\/p>\n","protected":false},"author":2,"featured_media":5284,"parent":6717,"menu_order":0,"comment_status":"closed","ping_status":"closed","template":"page-templates\/interesna-tocka.php","meta":{"footnotes":""},"class_list":{"0":"post-6682","1":"type-page","3":"status-publish","4":"has-post-thumbnail","5":"hentry","6":"article-odd"},"yoast_head":"<!-- This site is optimized with the Yoast SEO plugin v27.4 - https:\/\/yoast.com\/product\/yoast-seo-wordpress\/ -->\n<title>Casa natale di Luka \u010ce\u010d - Visit Postojna<\/title>\n<meta name=\"robots\" content=\"index, follow, max-snippet:-1, max-image-preview:large, max-video-preview:-1\" \/>\n<link rel=\"canonical\" href=\"https:\/\/postojnsko.si\/it\/postoj-na-mestni-poti\/casa-natale-di-luka-cec\/\" \/>\n<meta property=\"og:locale\" content=\"it_IT\" \/>\n<meta property=\"og:type\" content=\"article\" \/>\n<meta property=\"og:title\" content=\"Casa natale di Luka \u010ce\u010d - Visit Postojna\" \/>\n<meta property=\"og:description\" content=\"Luka \u010ce\u010d, lampionaio alle Grotte di Postumia, nacque in una modesta fattoria; durante i preparativi per la visita dell&#8217;imperatore nel 1818, scopr\u00ec sezioni interne delle grotte fino allora sconosciute. Fu questo lavoratore fedele e indefesso, che, tra le altre cose, si prese cura del proteo, a scoprire anche lo scarabeo delle caverne, che in seguito...\" \/>\n<meta property=\"og:url\" content=\"https:\/\/postojnsko.si\/it\/postoj-na-mestni-poti\/casa-natale-di-luka-cec\/\" \/>\n<meta property=\"og:site_name\" content=\"Visit Postojna\" \/>\n<meta property=\"article:publisher\" content=\"https:\/\/www.facebook.com\/VisitPostojna\" \/>\n<meta property=\"article:modified_time\" content=\"2023-07-10T19:12:46+00:00\" \/>\n<meta property=\"og:image\" content=\"https:\/\/postojnsko.si\/travel\/wp-content\/uploads\/2023\/04\/hisa-luke-ceca-1.jpg\" \/>\n\t<meta property=\"og:image:width\" content=\"1200\" \/>\n\t<meta property=\"og:image:height\" content=\"794\" \/>\n\t<meta property=\"og:image:type\" content=\"image\/jpeg\" \/>\n<meta name=\"twitter:card\" content=\"summary_large_image\" \/>\n<meta name=\"twitter:label1\" content=\"Tempo di lettura stimato\" \/>\n\t<meta name=\"twitter:data1\" content=\"2 minuti\" \/>\n<script type=\"application\/ld+json\" class=\"yoast-schema-graph\">{\"@context\":\"https:\\\/\\\/schema.org\",\"@graph\":[{\"@type\":\"WebPage\",\"@id\":\"https:\\\/\\\/postojnsko.si\\\/it\\\/postoj-na-mestni-poti\\\/casa-natale-di-luka-cec\\\/\",\"url\":\"https:\\\/\\\/postojnsko.si\\\/it\\\/postoj-na-mestni-poti\\\/casa-natale-di-luka-cec\\\/\",\"name\":\"Casa natale di Luka \u010ce\u010d - Visit Postojna\",\"isPartOf\":{\"@id\":\"https:\\\/\\\/postojnsko.si\\\/it\\\/#website\"},\"primaryImageOfPage\":{\"@id\":\"https:\\\/\\\/postojnsko.si\\\/it\\\/postoj-na-mestni-poti\\\/casa-natale-di-luka-cec\\\/#primaryimage\"},\"image\":{\"@id\":\"https:\\\/\\\/postojnsko.si\\\/it\\\/postoj-na-mestni-poti\\\/casa-natale-di-luka-cec\\\/#primaryimage\"},\"thumbnailUrl\":\"https:\\\/\\\/postojnsko.si\\\/travel\\\/wp-content\\\/uploads\\\/2023\\\/04\\\/hisa-luke-ceca-1.jpg\",\"datePublished\":\"2023-04-14T07:05:02+00:00\",\"dateModified\":\"2023-07-10T19:12:46+00:00\",\"breadcrumb\":{\"@id\":\"https:\\\/\\\/postojnsko.si\\\/it\\\/postoj-na-mestni-poti\\\/casa-natale-di-luka-cec\\\/#breadcrumb\"},\"inLanguage\":\"it-IT\",\"potentialAction\":[{\"@type\":\"ReadAction\",\"target\":[\"https:\\\/\\\/postojnsko.si\\\/it\\\/postoj-na-mestni-poti\\\/casa-natale-di-luka-cec\\\/\"]}]},{\"@type\":\"ImageObject\",\"inLanguage\":\"it-IT\",\"@id\":\"https:\\\/\\\/postojnsko.si\\\/it\\\/postoj-na-mestni-poti\\\/casa-natale-di-luka-cec\\\/#primaryimage\",\"url\":\"https:\\\/\\\/postojnsko.si\\\/travel\\\/wp-content\\\/uploads\\\/2023\\\/04\\\/hisa-luke-ceca-1.jpg\",\"contentUrl\":\"https:\\\/\\\/postojnsko.si\\\/travel\\\/wp-content\\\/uploads\\\/2023\\\/04\\\/hisa-luke-ceca-1.jpg\",\"width\":1200,\"height\":794,\"caption\":\"Casa natale di Luka \u010ce\u010d\"},{\"@type\":\"BreadcrumbList\",\"@id\":\"https:\\\/\\\/postojnsko.si\\\/it\\\/postoj-na-mestni-poti\\\/casa-natale-di-luka-cec\\\/#breadcrumb\",\"itemListElement\":[{\"@type\":\"ListItem\",\"position\":1,\"name\":\"Home\",\"item\":\"https:\\\/\\\/postojnsko.si\\\/it\\\/?doing_wp_cron=1766478648.6568050384521484375000\"},{\"@type\":\"ListItem\",\"position\":2,\"name\":\"Postumia nel percorso cittadino\",\"item\":\"https:\\\/\\\/postojnsko.si\\\/it\\\/postoj-na-mestni-poti\\\/?doing_wp_cron=1766490349.7067840099334716796875\"},{\"@type\":\"ListItem\",\"position\":3,\"name\":\"Casa natale di Luka \u010ce\u010d\"}]},{\"@type\":\"WebSite\",\"@id\":\"https:\\\/\\\/postojnsko.si\\\/it\\\/#website\",\"url\":\"https:\\\/\\\/postojnsko.si\\\/it\\\/\",\"name\":\"Visit Postojna\",\"description\":\"To je nov svet. To je paradi\u017e!\",\"publisher\":{\"@id\":\"https:\\\/\\\/postojnsko.si\\\/it\\\/#organization\"},\"potentialAction\":[{\"@type\":\"SearchAction\",\"target\":{\"@type\":\"EntryPoint\",\"urlTemplate\":\"https:\\\/\\\/postojnsko.si\\\/it\\\/?s={search_term_string}\"},\"query-input\":{\"@type\":\"PropertyValueSpecification\",\"valueRequired\":true,\"valueName\":\"search_term_string\"}}],\"inLanguage\":\"it-IT\"},{\"@type\":\"Organization\",\"@id\":\"https:\\\/\\\/postojnsko.si\\\/it\\\/#organization\",\"name\":\"Visit Postojna\",\"url\":\"https:\\\/\\\/postojnsko.si\\\/it\\\/\",\"logo\":{\"@type\":\"ImageObject\",\"inLanguage\":\"it-IT\",\"@id\":\"https:\\\/\\\/postojnsko.si\\\/it\\\/#\\\/schema\\\/logo\\\/image\\\/\",\"url\":\"https:\\\/\\\/postojnsko.si\\\/wp-content\\\/uploads\\\/2023\\\/06\\\/visit-postojna-logo.png\",\"contentUrl\":\"https:\\\/\\\/postojnsko.si\\\/wp-content\\\/uploads\\\/2023\\\/06\\\/visit-postojna-logo.png\",\"width\":1042,\"height\":1042,\"caption\":\"Visit Postojna\"},\"image\":{\"@id\":\"https:\\\/\\\/postojnsko.si\\\/it\\\/#\\\/schema\\\/logo\\\/image\\\/\"},\"sameAs\":[\"https:\\\/\\\/www.facebook.com\\\/VisitPostojna\",\"https:\\\/\\\/www.instagram.com\\\/visit_postojna\"]}]}<\/script>\n<!-- \/ Yoast SEO plugin. -->","yoast_head_json":{"title":"Casa natale di Luka \u010ce\u010d - Visit Postojna","robots":{"index":"index","follow":"follow","max-snippet":"max-snippet:-1","max-image-preview":"max-image-preview:large","max-video-preview":"max-video-preview:-1"},"canonical":"https:\/\/postojnsko.si\/it\/postoj-na-mestni-poti\/casa-natale-di-luka-cec\/","og_locale":"it_IT","og_type":"article","og_title":"Casa natale di Luka \u010ce\u010d - Visit Postojna","og_description":"Luka \u010ce\u010d, lampionaio alle Grotte di Postumia, nacque in una modesta fattoria; durante i preparativi per la visita dell&#8217;imperatore nel 1818, scopr\u00ec sezioni interne delle grotte fino allora sconosciute. Fu questo lavoratore fedele e indefesso, che, tra le altre cose, si prese cura del proteo, a scoprire anche lo scarabeo delle caverne, che in seguito...","og_url":"https:\/\/postojnsko.si\/it\/postoj-na-mestni-poti\/casa-natale-di-luka-cec\/","og_site_name":"Visit Postojna","article_publisher":"https:\/\/www.facebook.com\/VisitPostojna","article_modified_time":"2023-07-10T19:12:46+00:00","og_image":[{"width":1200,"height":794,"url":"https:\/\/postojnsko.si\/travel\/wp-content\/uploads\/2023\/04\/hisa-luke-ceca-1.jpg","type":"image\/jpeg"}],"twitter_card":"summary_large_image","twitter_misc":{"Tempo di lettura stimato":"2 minuti"},"schema":{"@context":"https:\/\/schema.org","@graph":[{"@type":"WebPage","@id":"https:\/\/postojnsko.si\/it\/postoj-na-mestni-poti\/casa-natale-di-luka-cec\/","url":"https:\/\/postojnsko.si\/it\/postoj-na-mestni-poti\/casa-natale-di-luka-cec\/","name":"Casa natale di Luka \u010ce\u010d - Visit Postojna","isPartOf":{"@id":"https:\/\/postojnsko.si\/it\/#website"},"primaryImageOfPage":{"@id":"https:\/\/postojnsko.si\/it\/postoj-na-mestni-poti\/casa-natale-di-luka-cec\/#primaryimage"},"image":{"@id":"https:\/\/postojnsko.si\/it\/postoj-na-mestni-poti\/casa-natale-di-luka-cec\/#primaryimage"},"thumbnailUrl":"https:\/\/postojnsko.si\/travel\/wp-content\/uploads\/2023\/04\/hisa-luke-ceca-1.jpg","datePublished":"2023-04-14T07:05:02+00:00","dateModified":"2023-07-10T19:12:46+00:00","breadcrumb":{"@id":"https:\/\/postojnsko.si\/it\/postoj-na-mestni-poti\/casa-natale-di-luka-cec\/#breadcrumb"},"inLanguage":"it-IT","potentialAction":[{"@type":"ReadAction","target":["https:\/\/postojnsko.si\/it\/postoj-na-mestni-poti\/casa-natale-di-luka-cec\/"]}]},{"@type":"ImageObject","inLanguage":"it-IT","@id":"https:\/\/postojnsko.si\/it\/postoj-na-mestni-poti\/casa-natale-di-luka-cec\/#primaryimage","url":"https:\/\/postojnsko.si\/travel\/wp-content\/uploads\/2023\/04\/hisa-luke-ceca-1.jpg","contentUrl":"https:\/\/postojnsko.si\/travel\/wp-content\/uploads\/2023\/04\/hisa-luke-ceca-1.jpg","width":1200,"height":794,"caption":"Casa natale di Luka \u010ce\u010d"},{"@type":"BreadcrumbList","@id":"https:\/\/postojnsko.si\/it\/postoj-na-mestni-poti\/casa-natale-di-luka-cec\/#breadcrumb","itemListElement":[{"@type":"ListItem","position":1,"name":"Home","item":"https:\/\/postojnsko.si\/it\/?doing_wp_cron=1766478648.6568050384521484375000"},{"@type":"ListItem","position":2,"name":"Postumia nel percorso cittadino","item":"https:\/\/postojnsko.si\/it\/postoj-na-mestni-poti\/?doing_wp_cron=1766490349.7067840099334716796875"},{"@type":"ListItem","position":3,"name":"Casa natale di Luka \u010ce\u010d"}]},{"@type":"WebSite","@id":"https:\/\/postojnsko.si\/it\/#website","url":"https:\/\/postojnsko.si\/it\/","name":"Visit Postojna","description":"To je nov svet. To je paradi\u017e!","publisher":{"@id":"https:\/\/postojnsko.si\/it\/#organization"},"potentialAction":[{"@type":"SearchAction","target":{"@type":"EntryPoint","urlTemplate":"https:\/\/postojnsko.si\/it\/?s={search_term_string}"},"query-input":{"@type":"PropertyValueSpecification","valueRequired":true,"valueName":"search_term_string"}}],"inLanguage":"it-IT"},{"@type":"Organization","@id":"https:\/\/postojnsko.si\/it\/#organization","name":"Visit Postojna","url":"https:\/\/postojnsko.si\/it\/","logo":{"@type":"ImageObject","inLanguage":"it-IT","@id":"https:\/\/postojnsko.si\/it\/#\/schema\/logo\/image\/","url":"https:\/\/postojnsko.si\/wp-content\/uploads\/2023\/06\/visit-postojna-logo.png","contentUrl":"https:\/\/postojnsko.si\/wp-content\/uploads\/2023\/06\/visit-postojna-logo.png","width":1042,"height":1042,"caption":"Visit Postojna"},"image":{"@id":"https:\/\/postojnsko.si\/it\/#\/schema\/logo\/image\/"},"sameAs":["https:\/\/www.facebook.com\/VisitPostojna","https:\/\/www.instagram.com\/visit_postojna"]}]}},"_links":{"self":[{"href":"https:\/\/postojnsko.si\/it\/wp-json\/wp\/v2\/pages\/6682","targetHints":{"allow":["GET"]}}],"collection":[{"href":"https:\/\/postojnsko.si\/it\/wp-json\/wp\/v2\/pages"}],"about":[{"href":"https:\/\/postojnsko.si\/it\/wp-json\/wp\/v2\/types\/page"}],"author":[{"embeddable":true,"href":"https:\/\/postojnsko.si\/it\/wp-json\/wp\/v2\/users\/2"}],"replies":[{"embeddable":true,"href":"https:\/\/postojnsko.si\/it\/wp-json\/wp\/v2\/comments?post=6682"}],"version-history":[{"count":2,"href":"https:\/\/postojnsko.si\/it\/wp-json\/wp\/v2\/pages\/6682\/revisions"}],"predecessor-version":[{"id":6684,"href":"https:\/\/postojnsko.si\/it\/wp-json\/wp\/v2\/pages\/6682\/revisions\/6684"}],"up":[{"embeddable":true,"href":"https:\/\/postojnsko.si\/it\/wp-json\/wp\/v2\/pages\/6717"}],"wp:featuredmedia":[{"embeddable":true,"href":"https:\/\/postojnsko.si\/it\/wp-json\/wp\/v2\/media\/5284"}],"wp:attachment":[{"href":"https:\/\/postojnsko.si\/it\/wp-json\/wp\/v2\/media?parent=6682"}],"curies":[{"name":"wp","href":"https:\/\/api.w.org\/{rel}","templated":true}]}}

Casa natale di Luka Čeč

<p>Luka Čeč, lampionaio alle Grotte di Postumia, nacque in una modesta fattoria; durante i preparativi per la visita dell&#8217;imperatore nel 1818, scoprì <strong>sezioni interne delle grotte fino allora sconosciute</strong>.</p>
<p>Fu questo lavoratore fedele e indefesso, che, tra le altre cose, si prese cura del proteo, a scoprire anche lo scarabeo delle caverne, che in seguito divenne il primo insetto delle grotte a essere descritto e che fu ribattezzato <strong>scarabeo dal collo sottile</strong>. Le straordinarie scoperte di Čeč furono decisive per rendere le Grotte di Postumia molto popolari tra i visitatori e i ricercatori di tutto il mondo.</p>
<p><em>Il proteo (Proteus anguinus) e lo scarabeo dal collo sottile (Leptodirus hochenwartii) sono i grandi protagonisti delle Grotte di Postumia. Sebbene lo scarabeo dal collo sottile sia stato scoperto da Čeč, in latino non prende il suo nome, bensì quello del direttore del Museo regionale della Carniola, il conte Hohenwart, al quale aveva donato l’insetto per finalità di ricerca. Allo stesso modo è rimasto in secondo piano anche con la sua straordinaria scoperta nelle grotte, poiché gli è stata riconosciuta solo 20 anni dopo la sua morte.</em></p>

<p>Luka Čeč, lampionaio alle Grotte di Postumia, nacque in una modesta fattoria; durante i preparativi per la visita dell&#8217;imperatore nel 1818, scoprì sezioni interne delle grotte fino allora sconosciute. Fu questo lavoratore fedele e indefesso, che, tra le altre cose, si prese cura del proteo, a scoprire anche lo scarabeo delle caverne, che in seguito&#8230;</p>

<!-- This site is optimized with the Yoast SEO plugin v27.4 - https://yoast.com/product/yoast-seo-wordpress/ -->
<title>Casa natale di Luka Čeč - Visit Postojna</title>
<meta name="robots" content="index, follow, max-snippet:-1, max-image-preview:large, max-video-preview:-1" />
<link rel="canonical" href="https://postojnsko.si/it/postoj-na-mestni-poti/casa-natale-di-luka-cec/" />
<meta property="og:locale" content="it_IT" />
<meta property="og:type" content="article" />
<meta property="og:title" content="Casa natale di Luka Čeč - Visit Postojna" />
<meta property="og:description" content="Luka Čeč, lampionaio alle Grotte di Postumia, nacque in una modesta fattoria; durante i preparativi per la visita dell&#8217;imperatore nel 1818, scoprì sezioni interne delle grotte fino allora sconosciute. Fu questo lavoratore fedele e indefesso, che, tra le altre cose, si prese cura del proteo, a scoprire anche lo scarabeo delle caverne, che in seguito..." />
<meta property="og:url" content="https://postojnsko.si/it/postoj-na-mestni-poti/casa-natale-di-luka-cec/" />
<meta property="og:site_name" content="Visit Postojna" />
<meta property="article:publisher" content="https://www.facebook.com/VisitPostojna" />
<meta property="article:modified_time" content="2023-07-10T19:12:46+00:00" />
<meta property="og:image" content="https://postojnsko.si/travel/wp-content/uploads/2023/04/hisa-luke-ceca-1.jpg" />
	<meta property="og:image:width" content="1200" />
	<meta property="og:image:height" content="794" />
	<meta property="og:image:type" content="image/jpeg" />
<meta name="twitter:card" content="summary_large_image" />
<meta name="twitter:label1" content="Tempo di lettura stimato" />
	<meta name="twitter:data1" content="2 minuti" />
<script type="application/ld+json" class="yoast-schema-graph">{"@context":"https:\/\/schema.org","@graph":[{"@type":"WebPage","@id":"https:\/\/postojnsko.si\/it\/postoj-na-mestni-poti\/casa-natale-di-luka-cec\/","url":"https:\/\/postojnsko.si\/it\/postoj-na-mestni-poti\/casa-natale-di-luka-cec\/","name":"Casa natale di Luka Čeč - Visit Postojna","isPartOf":{"@id":"https:\/\/postojnsko.si\/it\/#website"},"primaryImageOfPage":{"@id":"https:\/\/postojnsko.si\/it\/postoj-na-mestni-poti\/casa-natale-di-luka-cec\/#primaryimage"},"image":{"@id":"https:\/\/postojnsko.si\/it\/postoj-na-mestni-poti\/casa-natale-di-luka-cec\/#primaryimage"},"thumbnailUrl":"https:\/\/postojnsko.si\/travel\/wp-content\/uploads\/2023\/04\/hisa-luke-ceca-1.jpg","datePublished":"2023-04-14T07:05:02+00:00","dateModified":"2023-07-10T19:12:46+00:00","breadcrumb":{"@id":"https:\/\/postojnsko.si\/it\/postoj-na-mestni-poti\/casa-natale-di-luka-cec\/#breadcrumb"},"inLanguage":"it-IT","potentialAction":[{"@type":"ReadAction","target":["https:\/\/postojnsko.si\/it\/postoj-na-mestni-poti\/casa-natale-di-luka-cec\/"]}]},{"@type":"ImageObject","inLanguage":"it-IT","@id":"https:\/\/postojnsko.si\/it\/postoj-na-mestni-poti\/casa-natale-di-luka-cec\/#primaryimage","url":"https:\/\/postojnsko.si\/travel\/wp-content\/uploads\/2023\/04\/hisa-luke-ceca-1.jpg","contentUrl":"https:\/\/postojnsko.si\/travel\/wp-content\/uploads\/2023\/04\/hisa-luke-ceca-1.jpg","width":1200,"height":794,"caption":"Casa natale di Luka Čeč"},{"@type":"BreadcrumbList","@id":"https:\/\/postojnsko.si\/it\/postoj-na-mestni-poti\/casa-natale-di-luka-cec\/#breadcrumb","itemListElement":[{"@type":"ListItem","position":1,"name":"Home","item":"https:\/\/postojnsko.si\/it\/?doing_wp_cron=1766478648.6568050384521484375000"},{"@type":"ListItem","position":2,"name":"Postumia nel percorso cittadino","item":"https:\/\/postojnsko.si\/it\/postoj-na-mestni-poti\/?doing_wp_cron=1766490349.7067840099334716796875"},{"@type":"ListItem","position":3,"name":"Casa natale di Luka Čeč"}]},{"@type":"WebSite","@id":"https:\/\/postojnsko.si\/it\/#website","url":"https:\/\/postojnsko.si\/it\/","name":"Visit Postojna","description":"To je nov svet. To je paradiž!","publisher":{"@id":"https:\/\/postojnsko.si\/it\/#organization"},"potentialAction":[{"@type":"SearchAction","target":{"@type":"EntryPoint","urlTemplate":"https:\/\/postojnsko.si\/it\/?s={search_term_string}"},"query-input":{"@type":"PropertyValueSpecification","valueRequired":true,"valueName":"search_term_string"}}],"inLanguage":"it-IT"},{"@type":"Organization","@id":"https:\/\/postojnsko.si\/it\/#organization","name":"Visit Postojna","url":"https:\/\/postojnsko.si\/it\/","logo":{"@type":"ImageObject","inLanguage":"it-IT","@id":"https:\/\/postojnsko.si\/it\/#\/schema\/logo\/image\/","url":"https:\/\/postojnsko.si\/wp-content\/uploads\/2023\/06\/visit-postojna-logo.png","contentUrl":"https:\/\/postojnsko.si\/wp-content\/uploads\/2023\/06\/visit-postojna-logo.png","width":1042,"height":1042,"caption":"Visit Postojna"},"image":{"@id":"https:\/\/postojnsko.si\/it\/#\/schema\/logo\/image\/"},"sameAs":["https:\/\/www.facebook.com\/VisitPostojna","https:\/\/www.instagram.com\/visit_postojna"]}]}</script>
<!-- / Yoast SEO plugin. -->

Casa natale di Luka Čeč - Visit Postojna

Luka Čeč, lampionaio alle Grotte di Postumia, nacque in una modesta fattoria; durante i preparativi per la visita dell&#8217;imperatore nel 1818, scoprì sezioni interne delle grotte fino allora sconosciute. Fu questo lavoratore fedele e indefesso, che, tra le altre cose, si prese cura del proteo, a scoprire anche lo scarabeo delle caverne, che in seguito...

To je nov svet. To je paradiž!
