{"id":6677,"date":"2023-04-07T12:29:49","date_gmt":"2023-04-07T10:29:49","guid":{"rendered":"https:\/\/postojnsko.si\/restavracija-proteus\/"},"modified":"2023-07-10T21:15:27","modified_gmt":"2023-07-10T19:15:27","slug":"ristorante-proteus","status":"publish","type":"page","link":"https:\/\/postojnsko.si\/it\/postoj-na-mestni-poti\/ristorante-proteus\/","title":{"rendered":"Ristorante Proteus"},"content":{"rendered":"<p>La gente del posto chiama ancora questo edificio <strong>Jadran<\/strong>, che \u00e8 il nome del caff\u00e8 che vi si trovava prima del ristorante.<\/p>\n<p>Alcuni ricordano l&#8217;edificio come la casa di Garzarolli, dal nome del proprietario che qui aveva un ristorante fino agli ultimi giorni della Seconda guerra mondiale, quando fu bombardata e bruciata. La tradizione popolare vuole che il portale semicircolare in pietra dell&#8217;ingresso principale, che ora reca l&#8217;anno 1793, sia stato portato l\u00ec dalla chiesa di S. Orsola, che un tempo sorgeva sul Sovi\u010d.<\/p>\n<p class=\"vp-line\">\n<em>Suggerimento: al riparo della terrazza \u00e8 possibile assistere al viavai di persone sulla Titov trg (piazza Tito), che \u00e8 pi\u00f9 vivace nelle ore serali.\u00a0<\/em><\/p>\n","protected":false},"excerpt":{"rendered":"<p>La gente del posto chiama ancora questo edificio Jadran, che \u00e8 il nome del caff\u00e8 che vi si trovava prima del ristorante. Alcuni ricordano l&#8217;edificio come la casa di Garzarolli, dal nome del proprietario che qui aveva un ristorante fino agli ultimi giorni della Seconda guerra mondiale, quando fu bombardata e bruciata. La tradizione popolare&#8230;<\/p>\n","protected":false},"author":2,"featured_media":5272,"parent":6717,"menu_order":0,"comment_status":"closed","ping_status":"closed","template":"page-templates\/interesna-tocka.php","meta":{"footnotes":""},"class_list":{"0":"post-6677","1":"type-page","3":"status-publish","4":"has-post-thumbnail","5":"hentry","6":"article-odd"},"yoast_head":"<!-- This site is optimized with the Yoast SEO plugin v27.4 - https:\/\/yoast.com\/product\/yoast-seo-wordpress\/ -->\n<title>Ristorante Proteus - Visit Postojna<\/title>\n<meta name=\"robots\" content=\"index, follow, max-snippet:-1, max-image-preview:large, max-video-preview:-1\" \/>\n<link rel=\"canonical\" href=\"https:\/\/postojnsko.si\/it\/postoj-na-mestni-poti\/ristorante-proteus\/\" \/>\n<meta property=\"og:locale\" content=\"it_IT\" \/>\n<meta property=\"og:type\" content=\"article\" \/>\n<meta property=\"og:title\" content=\"Ristorante Proteus - Visit Postojna\" \/>\n<meta property=\"og:description\" content=\"La gente del posto chiama ancora questo edificio Jadran, che \u00e8 il nome del caff\u00e8 che vi si trovava prima del ristorante. Alcuni ricordano l&#8217;edificio come la casa di Garzarolli, dal nome del proprietario che qui aveva un ristorante fino agli ultimi giorni della Seconda guerra mondiale, quando fu bombardata e bruciata. La tradizione popolare...\" \/>\n<meta property=\"og:url\" content=\"https:\/\/postojnsko.si\/it\/postoj-na-mestni-poti\/ristorante-proteus\/\" \/>\n<meta property=\"og:site_name\" content=\"Visit Postojna\" \/>\n<meta property=\"article:publisher\" content=\"https:\/\/www.facebook.com\/VisitPostojna\" \/>\n<meta property=\"article:modified_time\" content=\"2023-07-10T19:15:27+00:00\" \/>\n<meta property=\"og:image\" content=\"https:\/\/postojnsko.si\/travel\/wp-content\/uploads\/2023\/04\/restavracija-proteus-visit-postojna-foto-iztok-medja.jpg\" \/>\n\t<meta property=\"og:image:width\" content=\"1500\" \/>\n\t<meta property=\"og:image:height\" content=\"1001\" \/>\n\t<meta property=\"og:image:type\" content=\"image\/jpeg\" \/>\n<meta name=\"twitter:card\" content=\"summary_large_image\" \/>\n<meta name=\"twitter:label1\" content=\"Tempo di lettura stimato\" \/>\n\t<meta name=\"twitter:data1\" content=\"1 minuto\" \/>\n<script type=\"application\/ld+json\" class=\"yoast-schema-graph\">{\"@context\":\"https:\\\/\\\/schema.org\",\"@graph\":[{\"@type\":\"WebPage\",\"@id\":\"https:\\\/\\\/postojnsko.si\\\/it\\\/postoj-na-mestni-poti\\\/ristorante-proteus\\\/\",\"url\":\"https:\\\/\\\/postojnsko.si\\\/it\\\/postoj-na-mestni-poti\\\/ristorante-proteus\\\/\",\"name\":\"Ristorante Proteus - Visit Postojna\",\"isPartOf\":{\"@id\":\"https:\\\/\\\/postojnsko.si\\\/it\\\/#website\"},\"primaryImageOfPage\":{\"@id\":\"https:\\\/\\\/postojnsko.si\\\/it\\\/postoj-na-mestni-poti\\\/ristorante-proteus\\\/#primaryimage\"},\"image\":{\"@id\":\"https:\\\/\\\/postojnsko.si\\\/it\\\/postoj-na-mestni-poti\\\/ristorante-proteus\\\/#primaryimage\"},\"thumbnailUrl\":\"https:\\\/\\\/postojnsko.si\\\/travel\\\/wp-content\\\/uploads\\\/2023\\\/04\\\/restavracija-proteus-visit-postojna-foto-iztok-medja.jpg\",\"datePublished\":\"2023-04-07T10:29:49+00:00\",\"dateModified\":\"2023-07-10T19:15:27+00:00\",\"breadcrumb\":{\"@id\":\"https:\\\/\\\/postojnsko.si\\\/it\\\/postoj-na-mestni-poti\\\/ristorante-proteus\\\/#breadcrumb\"},\"inLanguage\":\"it-IT\",\"potentialAction\":[{\"@type\":\"ReadAction\",\"target\":[\"https:\\\/\\\/postojnsko.si\\\/it\\\/postoj-na-mestni-poti\\\/ristorante-proteus\\\/\"]}]},{\"@type\":\"ImageObject\",\"inLanguage\":\"it-IT\",\"@id\":\"https:\\\/\\\/postojnsko.si\\\/it\\\/postoj-na-mestni-poti\\\/ristorante-proteus\\\/#primaryimage\",\"url\":\"https:\\\/\\\/postojnsko.si\\\/travel\\\/wp-content\\\/uploads\\\/2023\\\/04\\\/restavracija-proteus-visit-postojna-foto-iztok-medja.jpg\",\"contentUrl\":\"https:\\\/\\\/postojnsko.si\\\/travel\\\/wp-content\\\/uploads\\\/2023\\\/04\\\/restavracija-proteus-visit-postojna-foto-iztok-medja.jpg\",\"width\":1500,\"height\":1001,\"caption\":\"Ristorante Proteus\"},{\"@type\":\"BreadcrumbList\",\"@id\":\"https:\\\/\\\/postojnsko.si\\\/it\\\/postoj-na-mestni-poti\\\/ristorante-proteus\\\/#breadcrumb\",\"itemListElement\":[{\"@type\":\"ListItem\",\"position\":1,\"name\":\"Home\",\"item\":\"https:\\\/\\\/postojnsko.si\\\/it\\\/?doing_wp_cron=1766478648.6568050384521484375000\"},{\"@type\":\"ListItem\",\"position\":2,\"name\":\"Postumia nel percorso cittadino\",\"item\":\"https:\\\/\\\/postojnsko.si\\\/it\\\/postoj-na-mestni-poti\\\/?doing_wp_cron=1766490349.7067840099334716796875\"},{\"@type\":\"ListItem\",\"position\":3,\"name\":\"Ristorante Proteus\"}]},{\"@type\":\"WebSite\",\"@id\":\"https:\\\/\\\/postojnsko.si\\\/it\\\/#website\",\"url\":\"https:\\\/\\\/postojnsko.si\\\/it\\\/\",\"name\":\"Visit Postojna\",\"description\":\"To je nov svet. To je paradi\u017e!\",\"publisher\":{\"@id\":\"https:\\\/\\\/postojnsko.si\\\/it\\\/#organization\"},\"potentialAction\":[{\"@type\":\"SearchAction\",\"target\":{\"@type\":\"EntryPoint\",\"urlTemplate\":\"https:\\\/\\\/postojnsko.si\\\/it\\\/?s={search_term_string}\"},\"query-input\":{\"@type\":\"PropertyValueSpecification\",\"valueRequired\":true,\"valueName\":\"search_term_string\"}}],\"inLanguage\":\"it-IT\"},{\"@type\":\"Organization\",\"@id\":\"https:\\\/\\\/postojnsko.si\\\/it\\\/#organization\",\"name\":\"Visit Postojna\",\"url\":\"https:\\\/\\\/postojnsko.si\\\/it\\\/\",\"logo\":{\"@type\":\"ImageObject\",\"inLanguage\":\"it-IT\",\"@id\":\"https:\\\/\\\/postojnsko.si\\\/it\\\/#\\\/schema\\\/logo\\\/image\\\/\",\"url\":\"https:\\\/\\\/postojnsko.si\\\/wp-content\\\/uploads\\\/2023\\\/06\\\/visit-postojna-logo.png\",\"contentUrl\":\"https:\\\/\\\/postojnsko.si\\\/wp-content\\\/uploads\\\/2023\\\/06\\\/visit-postojna-logo.png\",\"width\":1042,\"height\":1042,\"caption\":\"Visit Postojna\"},\"image\":{\"@id\":\"https:\\\/\\\/postojnsko.si\\\/it\\\/#\\\/schema\\\/logo\\\/image\\\/\"},\"sameAs\":[\"https:\\\/\\\/www.facebook.com\\\/VisitPostojna\",\"https:\\\/\\\/www.instagram.com\\\/visit_postojna\"]}]}<\/script>\n<!-- \/ Yoast SEO plugin. -->","yoast_head_json":{"title":"Ristorante Proteus - Visit Postojna","robots":{"index":"index","follow":"follow","max-snippet":"max-snippet:-1","max-image-preview":"max-image-preview:large","max-video-preview":"max-video-preview:-1"},"canonical":"https:\/\/postojnsko.si\/it\/postoj-na-mestni-poti\/ristorante-proteus\/","og_locale":"it_IT","og_type":"article","og_title":"Ristorante Proteus - Visit Postojna","og_description":"La gente del posto chiama ancora questo edificio Jadran, che \u00e8 il nome del caff\u00e8 che vi si trovava prima del ristorante. Alcuni ricordano l&#8217;edificio come la casa di Garzarolli, dal nome del proprietario che qui aveva un ristorante fino agli ultimi giorni della Seconda guerra mondiale, quando fu bombardata e bruciata. La tradizione popolare...","og_url":"https:\/\/postojnsko.si\/it\/postoj-na-mestni-poti\/ristorante-proteus\/","og_site_name":"Visit Postojna","article_publisher":"https:\/\/www.facebook.com\/VisitPostojna","article_modified_time":"2023-07-10T19:15:27+00:00","og_image":[{"width":1500,"height":1001,"url":"https:\/\/postojnsko.si\/travel\/wp-content\/uploads\/2023\/04\/restavracija-proteus-visit-postojna-foto-iztok-medja.jpg","type":"image\/jpeg"}],"twitter_card":"summary_large_image","twitter_misc":{"Tempo di lettura stimato":"1 minuto"},"schema":{"@context":"https:\/\/schema.org","@graph":[{"@type":"WebPage","@id":"https:\/\/postojnsko.si\/it\/postoj-na-mestni-poti\/ristorante-proteus\/","url":"https:\/\/postojnsko.si\/it\/postoj-na-mestni-poti\/ristorante-proteus\/","name":"Ristorante Proteus - Visit Postojna","isPartOf":{"@id":"https:\/\/postojnsko.si\/it\/#website"},"primaryImageOfPage":{"@id":"https:\/\/postojnsko.si\/it\/postoj-na-mestni-poti\/ristorante-proteus\/#primaryimage"},"image":{"@id":"https:\/\/postojnsko.si\/it\/postoj-na-mestni-poti\/ristorante-proteus\/#primaryimage"},"thumbnailUrl":"https:\/\/postojnsko.si\/travel\/wp-content\/uploads\/2023\/04\/restavracija-proteus-visit-postojna-foto-iztok-medja.jpg","datePublished":"2023-04-07T10:29:49+00:00","dateModified":"2023-07-10T19:15:27+00:00","breadcrumb":{"@id":"https:\/\/postojnsko.si\/it\/postoj-na-mestni-poti\/ristorante-proteus\/#breadcrumb"},"inLanguage":"it-IT","potentialAction":[{"@type":"ReadAction","target":["https:\/\/postojnsko.si\/it\/postoj-na-mestni-poti\/ristorante-proteus\/"]}]},{"@type":"ImageObject","inLanguage":"it-IT","@id":"https:\/\/postojnsko.si\/it\/postoj-na-mestni-poti\/ristorante-proteus\/#primaryimage","url":"https:\/\/postojnsko.si\/travel\/wp-content\/uploads\/2023\/04\/restavracija-proteus-visit-postojna-foto-iztok-medja.jpg","contentUrl":"https:\/\/postojnsko.si\/travel\/wp-content\/uploads\/2023\/04\/restavracija-proteus-visit-postojna-foto-iztok-medja.jpg","width":1500,"height":1001,"caption":"Ristorante Proteus"},{"@type":"BreadcrumbList","@id":"https:\/\/postojnsko.si\/it\/postoj-na-mestni-poti\/ristorante-proteus\/#breadcrumb","itemListElement":[{"@type":"ListItem","position":1,"name":"Home","item":"https:\/\/postojnsko.si\/it\/?doing_wp_cron=1766478648.6568050384521484375000"},{"@type":"ListItem","position":2,"name":"Postumia nel percorso cittadino","item":"https:\/\/postojnsko.si\/it\/postoj-na-mestni-poti\/?doing_wp_cron=1766490349.7067840099334716796875"},{"@type":"ListItem","position":3,"name":"Ristorante Proteus"}]},{"@type":"WebSite","@id":"https:\/\/postojnsko.si\/it\/#website","url":"https:\/\/postojnsko.si\/it\/","name":"Visit Postojna","description":"To je nov svet. To je paradi\u017e!","publisher":{"@id":"https:\/\/postojnsko.si\/it\/#organization"},"potentialAction":[{"@type":"SearchAction","target":{"@type":"EntryPoint","urlTemplate":"https:\/\/postojnsko.si\/it\/?s={search_term_string}"},"query-input":{"@type":"PropertyValueSpecification","valueRequired":true,"valueName":"search_term_string"}}],"inLanguage":"it-IT"},{"@type":"Organization","@id":"https:\/\/postojnsko.si\/it\/#organization","name":"Visit Postojna","url":"https:\/\/postojnsko.si\/it\/","logo":{"@type":"ImageObject","inLanguage":"it-IT","@id":"https:\/\/postojnsko.si\/it\/#\/schema\/logo\/image\/","url":"https:\/\/postojnsko.si\/wp-content\/uploads\/2023\/06\/visit-postojna-logo.png","contentUrl":"https:\/\/postojnsko.si\/wp-content\/uploads\/2023\/06\/visit-postojna-logo.png","width":1042,"height":1042,"caption":"Visit Postojna"},"image":{"@id":"https:\/\/postojnsko.si\/it\/#\/schema\/logo\/image\/"},"sameAs":["https:\/\/www.facebook.com\/VisitPostojna","https:\/\/www.instagram.com\/visit_postojna"]}]}},"_links":{"self":[{"href":"https:\/\/postojnsko.si\/it\/wp-json\/wp\/v2\/pages\/6677","targetHints":{"allow":["GET"]}}],"collection":[{"href":"https:\/\/postojnsko.si\/it\/wp-json\/wp\/v2\/pages"}],"about":[{"href":"https:\/\/postojnsko.si\/it\/wp-json\/wp\/v2\/types\/page"}],"author":[{"embeddable":true,"href":"https:\/\/postojnsko.si\/it\/wp-json\/wp\/v2\/users\/2"}],"replies":[{"embeddable":true,"href":"https:\/\/postojnsko.si\/it\/wp-json\/wp\/v2\/comments?post=6677"}],"version-history":[{"count":1,"href":"https:\/\/postojnsko.si\/it\/wp-json\/wp\/v2\/pages\/6677\/revisions"}],"predecessor-version":[{"id":6678,"href":"https:\/\/postojnsko.si\/it\/wp-json\/wp\/v2\/pages\/6677\/revisions\/6678"}],"up":[{"embeddable":true,"href":"https:\/\/postojnsko.si\/it\/wp-json\/wp\/v2\/pages\/6717"}],"wp:featuredmedia":[{"embeddable":true,"href":"https:\/\/postojnsko.si\/it\/wp-json\/wp\/v2\/media\/5272"}],"wp:attachment":[{"href":"https:\/\/postojnsko.si\/it\/wp-json\/wp\/v2\/media?parent=6677"}],"curies":[{"name":"wp","href":"https:\/\/api.w.org\/{rel}","templated":true}]}}

<p>La gente del posto chiama ancora questo edificio <strong>Jadran</strong>, che è il nome del caffè che vi si trovava prima del ristorante.</p>
<p>Alcuni ricordano l&#8217;edificio come la casa di Garzarolli, dal nome del proprietario che qui aveva un ristorante fino agli ultimi giorni della Seconda guerra mondiale, quando fu bombardata e bruciata. La tradizione popolare vuole che il portale semicircolare in pietra dell&#8217;ingresso principale, che ora reca l&#8217;anno 1793, sia stato portato lì dalla chiesa di S. Orsola, che un tempo sorgeva sul Sovič.</p>
<p class="vp-line">
<em>Suggerimento: al riparo della terrazza è possibile assistere al viavai di persone sulla Titov trg (piazza Tito), che è più vivace nelle ore serali. </em></p>

<p>La gente del posto chiama ancora questo edificio Jadran, che è il nome del caffè che vi si trovava prima del ristorante. Alcuni ricordano l&#8217;edificio come la casa di Garzarolli, dal nome del proprietario che qui aveva un ristorante fino agli ultimi giorni della Seconda guerra mondiale, quando fu bombardata e bruciata. La tradizione popolare&#8230;</p>

<!-- This site is optimized with the Yoast SEO plugin v27.4 - https://yoast.com/product/yoast-seo-wordpress/ -->
<title>Ristorante Proteus - Visit Postojna</title>
<meta name="robots" content="index, follow, max-snippet:-1, max-image-preview:large, max-video-preview:-1" />
<link rel="canonical" href="https://postojnsko.si/it/postoj-na-mestni-poti/ristorante-proteus/" />
<meta property="og:locale" content="it_IT" />
<meta property="og:type" content="article" />
<meta property="og:title" content="Ristorante Proteus - Visit Postojna" />
<meta property="og:description" content="La gente del posto chiama ancora questo edificio Jadran, che è il nome del caffè che vi si trovava prima del ristorante. Alcuni ricordano l&#8217;edificio come la casa di Garzarolli, dal nome del proprietario che qui aveva un ristorante fino agli ultimi giorni della Seconda guerra mondiale, quando fu bombardata e bruciata. La tradizione popolare..." />
<meta property="og:url" content="https://postojnsko.si/it/postoj-na-mestni-poti/ristorante-proteus/" />
<meta property="og:site_name" content="Visit Postojna" />
<meta property="article:publisher" content="https://www.facebook.com/VisitPostojna" />
<meta property="article:modified_time" content="2023-07-10T19:15:27+00:00" />
<meta property="og:image" content="https://postojnsko.si/travel/wp-content/uploads/2023/04/restavracija-proteus-visit-postojna-foto-iztok-medja.jpg" />
	<meta property="og:image:width" content="1500" />
	<meta property="og:image:height" content="1001" />
	<meta property="og:image:type" content="image/jpeg" />
<meta name="twitter:card" content="summary_large_image" />
<meta name="twitter:label1" content="Tempo di lettura stimato" />
	<meta name="twitter:data1" content="1 minuto" />
<script type="application/ld+json" class="yoast-schema-graph">{"@context":"https:\/\/schema.org","@graph":[{"@type":"WebPage","@id":"https:\/\/postojnsko.si\/it\/postoj-na-mestni-poti\/ristorante-proteus\/","url":"https:\/\/postojnsko.si\/it\/postoj-na-mestni-poti\/ristorante-proteus\/","name":"Ristorante Proteus - Visit Postojna","isPartOf":{"@id":"https:\/\/postojnsko.si\/it\/#website"},"primaryImageOfPage":{"@id":"https:\/\/postojnsko.si\/it\/postoj-na-mestni-poti\/ristorante-proteus\/#primaryimage"},"image":{"@id":"https:\/\/postojnsko.si\/it\/postoj-na-mestni-poti\/ristorante-proteus\/#primaryimage"},"thumbnailUrl":"https:\/\/postojnsko.si\/travel\/wp-content\/uploads\/2023\/04\/restavracija-proteus-visit-postojna-foto-iztok-medja.jpg","datePublished":"2023-04-07T10:29:49+00:00","dateModified":"2023-07-10T19:15:27+00:00","breadcrumb":{"@id":"https:\/\/postojnsko.si\/it\/postoj-na-mestni-poti\/ristorante-proteus\/#breadcrumb"},"inLanguage":"it-IT","potentialAction":[{"@type":"ReadAction","target":["https:\/\/postojnsko.si\/it\/postoj-na-mestni-poti\/ristorante-proteus\/"]}]},{"@type":"ImageObject","inLanguage":"it-IT","@id":"https:\/\/postojnsko.si\/it\/postoj-na-mestni-poti\/ristorante-proteus\/#primaryimage","url":"https:\/\/postojnsko.si\/travel\/wp-content\/uploads\/2023\/04\/restavracija-proteus-visit-postojna-foto-iztok-medja.jpg","contentUrl":"https:\/\/postojnsko.si\/travel\/wp-content\/uploads\/2023\/04\/restavracija-proteus-visit-postojna-foto-iztok-medja.jpg","width":1500,"height":1001,"caption":"Ristorante Proteus"},{"@type":"BreadcrumbList","@id":"https:\/\/postojnsko.si\/it\/postoj-na-mestni-poti\/ristorante-proteus\/#breadcrumb","itemListElement":[{"@type":"ListItem","position":1,"name":"Home","item":"https:\/\/postojnsko.si\/it\/?doing_wp_cron=1766478648.6568050384521484375000"},{"@type":"ListItem","position":2,"name":"Postumia nel percorso cittadino","item":"https:\/\/postojnsko.si\/it\/postoj-na-mestni-poti\/?doing_wp_cron=1766490349.7067840099334716796875"},{"@type":"ListItem","position":3,"name":"Ristorante Proteus"}]},{"@type":"WebSite","@id":"https:\/\/postojnsko.si\/it\/#website","url":"https:\/\/postojnsko.si\/it\/","name":"Visit Postojna","description":"To je nov svet. To je paradiž!","publisher":{"@id":"https:\/\/postojnsko.si\/it\/#organization"},"potentialAction":[{"@type":"SearchAction","target":{"@type":"EntryPoint","urlTemplate":"https:\/\/postojnsko.si\/it\/?s={search_term_string}"},"query-input":{"@type":"PropertyValueSpecification","valueRequired":true,"valueName":"search_term_string"}}],"inLanguage":"it-IT"},{"@type":"Organization","@id":"https:\/\/postojnsko.si\/it\/#organization","name":"Visit Postojna","url":"https:\/\/postojnsko.si\/it\/","logo":{"@type":"ImageObject","inLanguage":"it-IT","@id":"https:\/\/postojnsko.si\/it\/#\/schema\/logo\/image\/","url":"https:\/\/postojnsko.si\/wp-content\/uploads\/2023\/06\/visit-postojna-logo.png","contentUrl":"https:\/\/postojnsko.si\/wp-content\/uploads\/2023\/06\/visit-postojna-logo.png","width":1042,"height":1042,"caption":"Visit Postojna"},"image":{"@id":"https:\/\/postojnsko.si\/it\/#\/schema\/logo\/image\/"},"sameAs":["https:\/\/www.facebook.com\/VisitPostojna","https:\/\/www.instagram.com\/visit_postojna"]}]}</script>
<!-- / Yoast SEO plugin. -->

La gente del posto chiama ancora questo edificio Jadran, che è il nome del caffè che vi si trovava prima del ristorante. Alcuni ricordano l&#8217;edificio come la casa di Garzarolli, dal nome del proprietario che qui aveva un ristorante fino agli ultimi giorni della Seconda guerra mondiale, quando fu bombardata e bruciata. La tradizione popolare...

To je nov svet. To je paradiž!
